ase 15) to base 8.
-1302
-a0a9 (base 11) to base 16
-3475
What is 1cc2a (base 13) in base 9?
86151
What is -6930 (base 11) in base 4?
-2032110
What is -12340 (base 5) in base 15?
-44a
Convert -21670 (base 11) to base 6.
-401240
11023 (base 14) to base 10
41191
-100202202 (base 3) to base 8
-15721
What is -106205 (base 7) in base 16?
-4a18
What is 4253 (base 9) in base 3?
11021210
What is 2440 (base 5) in base 13?
226
What is -1501 (base 12) in base 5?
-34244
Convert 316 (base 7) to base 11.
136
Convert 2723 (base 12) to base 2.
1000110001011
What is -312204 (base 5) in base 8?
-24100
104352 (base 6) to base 11
6662
Convert -4231 (base 14) to base 3.
-120122122
13034 (base 10) to base 2
11001011101010
1225 (base 13) to base 9
3461
-31044 (base 7) to base 4
-1312122
What is 15c (base 13) in base 5?
1441
613 (base 13) to base 11
857
Convert 1260 (base 7) to base 4.
13203
-870 (base 9) to base 15
-326
Convert -112221 (base 3) to base 6.
-1511
1025054 (base 6) to base 16
c4ba
Convert -11213 (base 4) to base 15.
-18e
Convert 600 (base 7) to base 10.
294
What is -3327 (base 9) in base 6?
-15211
Convert 14228 (base 10) to base 8.
33624
2c (base 15) to base 7
60
What is 125a6 (base 13) in base 16?
8490
What is -352 (base 12) in base 15?
-22e
What is 101010010101 (base 2) in base 14?
db7
What is -16c4a (base 13) in base 12?
-21449
-1100011000 (base 2) to base 5
-11132
What is -175 (base 12) in base 9?
-278
-1105 (base 10) to base 5
-13410
What is -66d (base 15) in base 12?
-a11
Convert -2321 (base 5) to base 8.
-520
201 (base 10) to base 2
11001001
-202a (base 11) to base 12
-1686
Convert -2251 (base 6) to base 5.
-4120
Convert 3209 (base 11) to base 15.
13ce
Convert 22242 (base 5) to base 15.
6ec
-13c (base 13) to base 5
-1340
Convert -555 (base 14) to base 6.
-4515
What is -44501 (base 6) in base 16?
-1855
52321 (base 10) to base 9
78684
1040 (base 6) to base 14
132
What is -1002002 (base 5) in base 8?
-37005
What is -611 (base 12) in base 10?
-877
Convert 746 (base 14) to base 4.
112122
Convert 6b2 (base 16) to base 12.
baa
Convert 15 (base 6) to base 14.
b
What is 2ac (base 14) in base 10?
544
Convert -103060 (base 7) to base 15.
-546d
668 (base 10) to base 8
1234
Convert 12010 (base 5) to base 8.
1560
Convert -1466 (base 9) to base 15.
-4e3
-48a4 (base 12) to base 7
-32605
56b (base 13) to base 5
12214
Convert -29a (base 13) to base 9.
-566
-301 (base 11) to base 15
-194
Convert -167 (base 9) to base 16.
-8e
What is 42360 (base 8) in base 5?
1031043
Convert -2212032 (base 4) to base 13.
-4ac4
What is -3124 (base 10) in base 7?
-12052
310263 (base 7) to base 6
1045113
5134 (base 6) to base 13
697
What is 420 (base 5) in base 6?
302
628 (base 11) to base 8
1364
What is 2526 (base 16) in base 7?
36504
What is -1524 (base 6) in base 9?
-507
Convert 15706 (base 10) to base 14.
5a1c
-2110111111 (base 3) to base 15
-e56d
Convert 2112102 (base 4) to base 14.
3710
-102232 (base 4) to base 12
-83a
4330 (base 5) to base 3
210212
-131 (base 10) to base 12
-ab
Convert -1011010100 (base 2) to base 15.
-334
-283a (base 13) to base 16
-16a3
Convert 207 (base 12) to base 2.
100100111
-9122 (base 10) to base 16
-23a2
187c8 (base 13) to base 4
23211330
Convert 4126 (base 12) to base 13.
32c1
What is -103242 (base 6) in base 12?
-4b22
5886 (base 16) to base 5
1211122
Convert -215232 (base 6) to base 13.
-8282
What is 441a (base 16) in base 5?
1024214
Convert 142 (base 13) to base 5.
1343
22011 (base 4) to base 9
786
What is -88052 (base 9) in base 5?
-3331432
3658 (base 15) to base 4
2310212
Convert 1bb9 (base 16) to base 6.
52505
11010000001 (base 2) to base 16
681
What is -212221210 (base 3) in base 8?
-42067
Convert -bb (base 14) to base 16.
-a5
50115 (base 7) to base 16
2f22
Convert 218 (base 10) to base 8.
332
Convert 1d7d (base 15) to base 5.
201133
What is -11540 (base 6) in base 7?
-5001
Convert -4269 (base 11) to base 12.
-3321
What is -496 (base 10) in base 5?
-3441
-2302 (base 4) to base 9
-217
Convert 23020020 (base 4) to base 7.
246606
Convert -251 (base 12) to base 15.
-184
What is b8 (base 13) in base 4?
2113
What is 31100232 (base 4) in base 16?
d42e
1001100010001 (base 2) to base 10
4881
Convert 33112 (base 6) to base 4.
1013210
-11202210 (base 3) to base 12
-2019
What is -87d2 (base 14) in base 10?
-23508
64c2 (base 15) to base 14
7aba
What is -40 (base 13) in base 2?
-110100
40 (base 12) to base 8
60
What is 7149 (base 10) in base 4?
1233231
What is 332 (base 10) in base 2?
101001100
What is 10322 (base 8) in base 6?
31534
175 (base 11) to base 16
cb
-202232 (base 4) to base 7
-6323
-5c1 (base 14) to base 16
-47d
d8c (base 14) to base 2
101001110000
Convert 965 (base 11) to base 16.
488
Convert -103251 (base 7) to base 9.
-26576
What is -121201 (base 3) in base 15?
-201
Convert 1998 (base 16) to base 13.
2ca0
Convert 4324 (base 6) to base 4.
33130
What is 872 (base 14) in base 10?
1668
What is -2141 (base 8) in base 12?
-795
Convert -28a (base 14) to base 3.
-201001
Convert -19082 (base 11) to base 6.
-323354
What is 1224121 (base 5) in base 9?
35410
Convert -24023 (base 5) to base 6.
-12055
Convert 452 (base 7) to base 10.
233
52000 (base 8) to base 11
1517a
-486c (base 16) to base 5
-1043130
27232 (base 8) to base 4
2322122
2d85 (base 14) to base 11
6142
What is -7802 (base 11) in base 7?
-41664
Convert -1127 (base 9) to base 14.
-439
363 (base 14) to base 11
564
What is -1121201 (base 3) in base 7?
-3304
4673 (base 8) to base 16
9bb
What is 1302110 (base 4) in base 8?
16224
Convert -100111101 (base 2) to base 5.
-2232
What is aa4 (base 13) in base 6?
12240
6617 (base 16) to base 6
320555
What is b11a (base 15) in base 16?
91ff
What is 1652c (base 15) in base 9?
118736
What is 201112 (base 3) in base 6?
2235
2273 (base 11) to base 8
5650
Convert -12852 (base 9) to base 3.
-102221202
What is 10 (base 9) in base 14?
9
Convert -2418 (base 10) to base 13.
-1140
Convert -2107 (base 10) to base 2.
-100000111011
-313 (base 9) to base 6
-1103
-114314 (base 6) to base 7
-41212
-5a5 (base 16) to base 14
-753
-11300 (base 5) to base 13
-4b6
-10211100 (base 3) to base 14
-1034
What is -212 (base 15) in base 2?
-111010011
-1b08d (base 14) to base 13
-25387
14041 (base 5) to base 2
10001111010
What is 11000 (base 2) in base 9?
26
32a (base 16) to base 11
677
Convert -57 (base 12) to base 6.
-151
Convert -508b (base 13) to base 12.
-6510
What is 1723 (base 10) in base 9?
2324
9b7 (base 16) to base 14
c99
What is 44 (base 11) in base 13?
39
What is 17b1 (base 16) in base 4?
1132301
Convert 1b5 (base 15) to base 10.
395
519a (base 13) to base 3
120110211
What is -156 (base 16) in base 9?
-420
Convert -5053 (base 10) to base 9.
-6834
1d2 (base 16) to base 12
32a
What is -358 (base 9) in base 2?
-100101000
Convert 20200011 (base 4) to base 6.
425113
Convert -12012011 (base 3) to base 8.
-7310
What is 3245 (base 11) in base 9?
5780
What is -100000001111001 (base 2) in base 15?
-4d55
What is -146a (base 12) in base 7?
-6646
What is 110110110 (base 2) in base 12?
306
-10768 (base 13) to base 10
-29830
What is -1002021221 (base 3) in base 13?
-9949
What is 2634 (base 10) in base 9?
3546
Convert 75ee (base 15) to base 16.
618e
-81a (base 11) to base 4
-33131
Convert 1122021112 (base 3) to base 9.
48245
Convert 252c8 (base 13) to base 8.
206001
264 (base 8) to base 6
500
What is -1124 (base 10) in base 6?
-5112
-16805 (base 9) to base 2
-10110101000100
7179 (base 12) to base 10
12333
What is 1011110101 (base 2) in base 11?
629
What is 112 (base 9) in base 11?
84
1a3 (base 11) to base 4
3222
What is -254b4 (base 14) in base 7?
-530514
-1781 (base 10) to base 11
-137a
Convert -53 (base 15) to base 2.
-1001110
Convert -2120212021 (base 3) to base 13.
-1a248
Convert 4211 (base 7) to base 11.
1124
What is 34113 (base 5) in base 7?
10010
What is -21001020 (base 3) in base 13?
-2451
690b (base 14) to base 3
221000112
Convert -10001010010001 (base 2) to base 15.
-294e
Convert -30 (base 14) to base 2.
-101010
-10100011 (base 2) to base 5
-1123
-572 (base 8) to base 10
-378
What is -175 (base 16) in base 15?
-19d
Convert -799 (base 13) to base 8.
-2435
3aa (base 14) to base 16
2e2
-11133 (base 14) to base 8
-120671
Convert 20685 (base 10) to base 4.
11003031
What is 3432 (base